common divisor of 10665 and 135?
135
Calculate the greatest common divisor of 35061 and 3.
3
Calculate the highest common divisor of 14 and 70.
14
Calculate the greatest common factor of 4 and 127.
1
Calculate the highest common factor of 272 and 51.
17
What is the highest common divisor of 24 and 1098?
6
What is the greatest common divisor of 286 and 26?
26
What is the greatest common factor of 7 and 2331?
7
What is the highest common factor of 112 and 868?
28
Calculate the greatest common divisor of 1485 and 27.
27
Calculate the greatest common factor of 88 and 11.
11
What is the highest common divisor of 11750 and 188?
94
Calculate the highest common divisor of 114 and 247.
19
Calculate the highest common factor of 165 and 405.
15
Calculate the highest common divisor of 20 and 112.
4
What is the greatest common factor of 994 and 182?
14
Calculate the highest common divisor of 15851 and 121.
121
Calculate the highest common factor of 2303 and 49.
49
What is the greatest common factor of 1470 and 330?
30
Calculate the highest common divisor of 119 and 7.
7
Calculate the highest common factor of 33 and 99.
33
Calculate the greatest common factor of 77 and 517.
11
What is the greatest common divisor of 4191 and 528?
33
Calculate the greatest common divisor of 82 and 451.
41
What is the greatest common divisor of 4920 and 164?
164
Calculate the greatest common divisor of 7 and 224.
7
Calculate the greatest common divisor of 369 and 9.
9
Calculate the greatest common factor of 456 and 48.
24
Calculate the highest common factor of 1528 and 12.
4
What is the highest common factor of 90 and 8820?
90
Calculate the greatest common factor of 38 and 4579.
19
Calculate the highest common factor of 92 and 1242.
46
What is the greatest common divisor of 43 and 3311?
43
What is the highest common divisor of 608 and 1140?
76
Calculate the highest common divisor of 708 and 24.
12
What is the greatest common divisor of 350 and 35?
35
Calculate the highest common factor of 72 and 112.
8
What is the highest common divisor of 1159 and 95?
19
Calculate the highest common divisor of 93 and 2883.
93
What is the highest common divisor of 11 and 2365?
11
What is the greatest common factor of 28366 and 26?
26
Calculate the greatest common divisor of 444 and 48.
12
Calculate the greatest common divisor of 238 and 7922.
34
What is the greatest common factor of 166 and 7802?
166
Calculate the greatest common divisor of 162 and 9882.
162
What is the highest common divisor of 34 and 34?
34
What is the greatest common divisor of 156 and 3328?
52
What is the greatest common factor of 11248 and 74?
74
Calculate the highest common factor of 315 and 6390.
45
What is the greatest common factor of 548 and 8083?
137
Calculate the greatest common factor of 234 and 3735.
9
What is the greatest common factor of 83 and 249?
83
Calculate the greatest common divisor of 99 and 8217.
99
What is the highest common factor of 4176 and 144?
144
Calculate the greatest common divisor of 6293 and 145.
29
Calculate the highest common divisor of 392 and 8.
8
Calculate the greatest common factor of 336 and 546.
42
Calculate the greatest common divisor of 434 and 62.
62
Calculate the highest common factor of 372 and 24.
12
What is the greatest common divisor of 8453 and 214?
107
What is the greatest common factor of 4136 and 110?
22
Calculate the greatest common divisor of 1925 and 35.
35
What is the highest common factor of 4575 and 793?
61
Calculate the highest common factor of 12 and 1878.
6
What is the highest common divisor of 1073 and 29?
29
What is the greatest common divisor of 50778 and 273?
273
What is the greatest common factor of 34 and 8?
2
What is the highest common divisor of 27 and 405?
27
Calculate the greatest common divisor of 111 and 11877.
111
Calculate the greatest common factor of 16 and 3696.
16
Calculate the greatest common divisor of 8864 and 8.
8
What is the highest common factor of 420 and 180?
60
Calculate the greatest common divisor of 244 and 183.
61
What is the greatest common divisor of 39 and 4849?
13
Calculate the highest common factor of 2010 and 230.
10
What is the greatest common factor of 5633 and 43?
43
What is the greatest common divisor of 430 and 80?
10
Calculate the highest common divisor of 16 and 456.
8
Calculate the greatest common divisor of 9 and 342.
9
Calculate the highest common divisor of 43 and 688.
43
What is the greatest common divisor of 323 and 19?
19
What is the highest common divisor of 120 and 1000?
40
Calculate the highest common factor of 96 and 224.
32
Calculate the greatest common factor of 14 and 2688.
14
What is the highest common factor of 9 and 2979?
9
Calculate the highest common divisor of 924 and 528.
132
What is the greatest common factor of 4687 and 172?
43
What is the greatest common factor of 14601 and 314?
157
What is the highest common divisor of 48 and 3642?
6
Calculate the greatest common factor of 208 and 592.
16
Calculate the highest common factor of 170 and 119.
17
What is the greatest common divisor of 3650 and 550?
50
Calculate the highest common divisor of 10 and 26.
2
What is the greatest common factor of 138 and 46?
46
Calculate the highest common factor of 8257 and 23.
23
Calculate the highest common factor of 112 and 128.
16
What is the highest common factor of 610 and 122?
122
Calculate the highest common divisor of 1545 and 15.
15
What is the highest common divisor of 3168 and 1089?
99
What is the greatest common divisor of 392 and 8?
8
What is the greatest common factor of 1032 and 96?
24
What is the highest common factor of 121 and 2299?
121
What is the greatest common divisor of 1239 and 21?
21
What is the highest common factor of 128 and 4928?
64
Calculate the highest common divisor of 104 and 16.
8
What is the greatest common factor of 667 and 23?
23
Calculate the greatest common divisor of 648 and 2700.
108
What is the highest common factor of 97 and 9409?
97
What is the greatest common divisor of 56 and 7924?
28
What is the highest common divisor of 33 and 1308?
3
Calculate the highest common factor of 986 and 58.
58
Calculate the highest common factor of 32 and 8768.
32
Calculate the highest common factor of 58 and 7250.
58
Calculate the highest common divisor of 80 and 50.
10
Calculate the greatest common divisor of 568 and 71.
71
What is the greatest common divisor of 81 and 1863?
81
What is the highest common divisor of 155 and 496?
31
What is the highest common factor of 255 and 204?
51
Calculate the highest common factor of 104 and 949.
13
What is the greatest common factor of 444 and 1068?
12
What is the greatest common factor of 117 and 312?
39
Calculate the highest common divisor of 60 and 1770.
30
Calculate the highest common divisor of 2091 and 51.
51
What is the highest common divisor of 904 and 4?
4
Calculate the highest common factor of 19 and 19.
19
What is the greatest common divisor of 1353 and 11?
11
Calculate the highest common divisor of 20 and 24.
4
Calculate the highest common factor of 56 and 378.
14
What is the highest common factor of 4841 and 94?
47
Calculate the greatest common factor of 2630 and 310.
10
Calculate the highest common divisor of 244 and 61.
61
What is the highest common factor of 27334 and 158?
158
Calculate the highest common divisor of 1537 and 406.
29
What is the highest common divisor of 312 and 264?
24
Calculate the greatest common divisor of 290 and 40.
10
Calculate the highest common divisor of 2516 and 12.
4
Calculate the highest common divisor of 962 and 26.
26
Calculate the greatest common divisor of 51 and 459.
51
Calculate the highest common divisor of 102 and 119.
17
Calculate the greatest common divisor of 858 and 198.
66
Calculate the greatest common divisor of 20 and 172.
4
Calculate the highest common factor of 7701 and 5436.
453
What is the greatest common factor of 1488 and 186?
186
Calculate the greatest common divisor of 144 and 108.
36
Calculate the highest common divisor of 12 and 294.
6
What is the greatest common factor of 11 and 4433?
11
What is the highest common factor of 1685 and 5392?
337
What is the greatest common divisor of 171 and 27?
9
What is the highest common divisor of 16 and 21104?
16
Calculate the greatest common fac